derivative of 2*g + 3/2*g**2 - 14. Give v(5).
17
Let r(w) be the third derivative of w**6/360 + w**5/15 - w**4/24 + 15*w**3/2 + 3*w**2 - 1. Let t(z) be the first derivative of r(z). What is t(-7)?
-8
Let z(c) = -4*c + 19. Let t(m) = 7*m - 37. Let i(j) = 3*t(j) + 5*z(j). Let p be i(5). Let b(n) = n**2 + 11*n - 6. What is b(p)?
-6
Suppose -3*m + m = 4*x + 16, -2*x + m = 4. Let l(a) be the first derivative of 3*a**2/2 - 201. What is l(x)?
-9
Let i(l) = l**3 + l**2 + l. Suppose -y = -5*u - 0*u - 10, -5*y = -u - 26. Suppose -9 = 3*o - 2*s, -3*o + 5*o + y*s = 13. Calculate i(o).
-1
Suppose 4*u = 11*u - 49. Suppose -3*c - 1 = -2*a, -4 - u = -a + 5*c. Let g(f) = -f**2 - 7*f - 6. Give g(a).
6
Let x(b) = 7*b**3 - 5*b**2 - 7. Let h(g) = -12*g**3 + 10*g**2 + g + 13. Let d(p) = -3*h(p) - 5*x(p). Determine d(4).
-32
Let q(s) = 12*s**2 + 2. Let i be q(-1). Suppose 2*w - 32 = -3*x - 2*x, -w + 5*x = i. Let z(f) = f**2 - 9*f + 3. Determine z(w).
-15
Let p(c) = -1 - c + 2*c - 2*c + 2. Let x = -375 - -379. Give p(x).
-3
Let j(u) = 19*u**3 + u**2 - u. Suppose 3 = 4*y + 19. Let m be y/((-16)/(-10))*2/(-5). Calculate j(m).
19
Let f be 6/(-9)*-3*1. Suppose -25 = -3*j - 2*j, 3*y = f*j - 10. Let d(w) be the third derivative of -w**4/24 + 4*w**3/3 + 30*w**2 - 1. Calculate d(y).
8
Suppose 78*o = 68*o + 70. Let v(d) be the third derivative of d**6/120 - 7*d**5/60 + d**4/24 + 5*d**3/6 - d**2. Determine v(o).
12
Let r(y) be the third derivative of -1/24*y**4 + 0*y + y**3 + 8*y**2 + 0. What is r(5)?
1
Let v(j) = -12*j**2 - 1 - 8*j**2 - 4*j**2 + 4*j - 14*j**2 + 36*j**2. Let q(x) = -2*x - 10. Let a be q(-7). Calculate v(a).
-17
Let y be -60*11/(-88) - 6/4. Let t(k) = -2*k + 9. What is t(y)?
-3
Let p(c) = -c**2 + 7*c. Let k(n) = n**2 - 2. Let w(r) = k(r) - p(r). Determine w(5).
13
Suppose 0 = -0*m - m - 2*c + 1, -5*m + 20 = -5*c. Suppose -16 = m*y + y. Let i(k) = -k**3 - 5*k**2 - k - 2. Determine i(y).
-14
Let z(j) be the third derivative of j**7/840 - j**6/360 - j**5/120 - j**4/2 + 2*j**3 - j**2. Let w(r) be the first derivative of z(r). What is w(0)?
-12
Let w(k) = -7*k**3 - 20*k**2 + 29*k + 33. Let r(z) = 3*z**3 + 10*z**2 - 14*z - 16. Let o(q) = 5*r(q) + 2*w(q). Give o(-11).
-3
Let r(x) = 24*x**2 + 3*x**3 - 7 - 4*x**3 - 17*x**2 + 13*x - 4*x. What is r(8)?
1
Let u(f) = 7*f**3 - 5*f**2 - 9*f + 9. Let i(m) = 13*m**3 - 9*m**2 - 18*m + 17. Let p(t) = -6*i(t) + 11*u(t). Determine p(3).
-12
Let w(j) = 10*j - 50 + 1 + 61 - 8*j**2 - j**3. Let a be (-1)/((-2)/18*-1). Calculate w(a).
3
Suppose 5 + 1 = 2*g - 2*a, -5*a - 15 = 0. Let w(c) be the first derivative of g*c**2 - c**3 - 2 + 2*c - 1/2*c**4. Determine w(-2).
6
Let f(v) be the third derivative of v**6/360 + v**5/30 + 5*v**4/24 - 5*v**3 - v**2. Let k(a) be the first derivative of f(a). Give k(-5).
10
Let r(m) = -m**3 + 5*m**2 - 9*m + 4. Let b(f) = -2*f**3 + 9*f**2 - 17*f + 7. Let n(c) = 3*b(c) - 7*r(c). Determine n(6).
-7
Let t(k) be the first derivative of 1/2*k**2 + 6 + 2*k - 1/3*k**3. What is t(3)?
-4
Let p(l) = -4*l - 4. Suppose 0 = 2*y - 55 + 3. Let c = y + -23. Suppose 3*m + o + c = -4, 2*m + 4*o - 2 = 0. What is p(m)?
8
Suppose 11*g = 8 + 14. Let c(q) = -q**3 + q**2 - 3*q + 3. What is c(g)?
-7
Let t(c) = -4*c**2 - 18*c - 4. Let h = 262 + -269. What is t(h)?
-74
Suppose 11*v = -3 + 14. Let n(k) = 3*k**2 + k + 1. Calculate n(v).
5
Let i(x) = -3*x**3 + x**2 + x - 1. Suppose 3*v - 9 = j - 4*j, -2*j - 3*v + 8 = 0. Let h be i(j). Let w(y) = 12*y - y**2 + 3 - 27*y + 18*y. Calculate w(h).
-7
Let p(c) = c**2 - 5*c - 9. Suppose w - 34 = -w + 4*v, 2*w + 5*v = 25. Let s be (3 - 0)/(9/w). Suppose s*i - i - 28 = 0. What is p(i)?
5
Let r(l) = 21 - 21 - 2*l + 16 + 3*l. Calculate r(-13).
3
Let o(i) be the second derivative of -2*i**3/3 - 17*i**2/2 - 7*i. Let k be o(-5). Let z(g) = -g**3 + 3*g**2 - 2*g - 3. What is z(k)?
-9
Let s(p) = -p**3 - 5*p**2 + 6 - p - 1 - 4. Suppose -445*d - 540 = -337*d. Determine s(d).
6
Let b = 3 - 6. Let z = b + 7. Let c(a) = -10*a**2 + z*a**2 + 4*a**2 - 2*a + 8*a. Determine c(4).
-8
Let j(z) = -6*z**2 - 3*z + 6. Let s(q) = -q**2 - q. Let p be -1 - 0*2/4. Let l(b) = p*j(b) + 5*s(b). Give l(5).
9
Let s(d) = -2 - 68*d + 0 + 63*d - 2 + 6. Give s(-3).
17
Let w = 6 - -17. Let x(p) = 49*p - 8 - w*p - 25*p. Calculate x(7).
-1
Let i(k) = 2*k - 13. Let d be 12/(-2) - (-35 - -21). Determine i(d).
3
Let s(x) = -6 + 0*x - 9*x + 4*x**2 - 5*x**2 + 1. Determine s(-8).
3
Let d = -25 - -35. Let r(z) = -2*z + 9 + z - z**3 - d + 3*z**2. Let l be 6/(-9) + (-32)/(-12). Determine r(l).
1
Let z(a) be the third derivative of -a**7/2520 + a**6/180 + a**5/20 + 5*a**4/12 - 2*a**2. Let k(b) be the second derivative of z(b). Determine k(5).
1
Let l(n) = -n + 11. Let m(i) = -i + 1. Let v be m(-1). Suppose -t + v = 10. Give l(t).
19
Suppose 9 = -4*a + 17. Let x be (28/(-20) + 1)/(a/40). Let g(n) = -n**3 - 9*n**2 - 8*n + 2. Calculate g(x).
2
Let a(o) = 14*o. Suppose 391*z - 383*z = 16. Determine a(z).
28
Let b be 26/169 - (-24)/13. Suppose b*s + i - 8 + 2 = 0, -s + 21 = -4*i. Let o(y) = 4*y**2 + 4 - 7*y**2 + 2*y**2 - 5*y + 2*y**2. What is o(s)?
4
Let y be ((-4)/2)/((-1)/(-3)). Let w be (2/3)/(-4 + 76/18). Let h(t) = 31*t**w + 2 - 30*t**3 + 4 + 6*t**2. What is h(y)?
6
Let n(c) be the second derivative of c**5/20 - c**4/3 - c**3/2 + c**2/2 - 111*c. Give n(5).
11
Let f(o) be the second derivative of -o**4/12 + o**3/6 + 15*o**2/2 + o. Let d(x) be the first derivative of f(x). Give d(4).
-7
Let c(d) = -2*d + 45761 - 45752 + d. Let t(k) = k**3 + 4*k**2 + 4*k + 3. Let b be t(-3). Determine c(b).
9
Let o(j) = -793*j + 3. Let d be o(0). Let b(u) = -3*u - 4 + 7*u + 5*u. Calculate b(d).
23
Let z(c) = 15*c**3 + 20*c**2. Let n(y) = 2*y**3 + 3*y**2. Let i(t) = -20*n(t) + 3*z(t). Suppose 0*r = 5*r - 10. Let m be 2 + (-5 + r)/3. Determine i(m).
5
Let x be (40/(-12))/((-2)/(-3)). Let v(r) = r**2 + 6*r + 4. Let z be v(-6). Let i(u) = z*u + u**2 + 13 - 6 - 4. What is i(x)?
8
Let y(j) = -j + 7. Let h be y(12). Let v(x) = -2*x**2 + x + 9. Let p(c) = c**2 - c - 4. Let b(k) = h*p(k) - 2*v(k). Calculate b(4).
-2
Suppose 0 = -41*x + 38*x + 15. Suppose 12 = 4*r + 3*i - i, -5*r = 3*i - 16. Let k(t) = -3 - 1 + x - 4 - t**r - 5*t. Determine k(-5).
-3
Let p(h) be the second derivative of -h**5/20 + 5*h**4/12 + h**3/2 - 2*h**2 - h. Let c be (-8)/3*-3*(-7)/(-14). Determine p(c).
24
Let s(i) = -7*i**2 - 2*i + 6. Let m(b) = -6*b**2 - 3*b + 6. Suppose 11 = -4*j + 4*u + 27, 5*u = j + 4. Let v(t) = j*m(t) - 5*s(t). Determine v(-8).
6
Let x(u) = -u**2 + 2*u + 7. Let k be x(3). Let t(p) = -2*p + p + 0*p - 2 + 4*p. Determine t(k).
10
Let n(u) be the second derivative of -u**3 + 8*u**2 + 172*u. What is n(4)?
-8
Let v(u) = -u + 18. Let b be 2/12 - 826/(-84) - 2. Calculate v(b).
10
Let q(y) be the first derivative of y**2/2 - 14*y - 39. Give q(6).
-8
Let p(t) = -2 + 0 + 2*t - t. Let l(o) = -3*o + 5. Suppose 37 - 10 = -3*q. Let x(f) = q*p(f) - 4*l(f). What is x(-2)?
-8
Let d(z) be the second derivative of 0 - 3/2*z**2 + 1/6*z**3 - z. Suppose 0 = -3*l + 4*r - 29, -2*r - 3 = 3*l - 4. Determine d(l).
-6
Let v be 5 + -3 - (-22)/(-12). Let h(d) be the third derivative of -v*d**4 + d**3 + 0*d + 0 - 4*d**2 + 1/60*d**5. Give h(4).
6
Let i(l) = -2*l**3 - l**2 + l + 1. Let t(m) = -15*m**3 - 17*m**2 + 15*m - 4. Let k(s) = -8*i(s) + t(s). Determine k(8).
-20
Let d(m) = -39*m**2 - m**3 - 5*m + 42*m**2 + 3 + 3*m. Give d(3).
-3
Let f = -244 + 248. Let c(t) = t**2 - 2*t - 2. Determine c(f).
6
Suppose -7*j + 8*j = -3*g - 29, j = -g - 9. Let a(y) = 4*y + 18. Give a(g).
-22
Suppose -4*w + 4 + 4 = 0. Let a(y) be the first derivative of -1 + y - 3/2*y**w. Determine a(2).
-5
Let v(d) be the third derivative of -d**4/24 + d**3/3 + 3*d**2. Let y = 22 - 19. Suppose -3*o - y - 3 = 0. Calculate v(o).
4
Let g = 88 + -61. Let u = -30 + g. Let x(z) = z - 3. Calculate x(u).
-6
Let o be (-21)/14 + 3/(-2). Let d(c) be the second derivative of c**4/12 - c**3/6 + c**2 + 23*c. Determine d(o).
14
Let f = -42 + 35. Let x(z) be the first derivative of -8*z - 7/2*z**2 - 3 - 8/3*z**3 - 1/4*z**4. Give x(f).
-8
Let p(k) = 6*k**2 - 1. Let t(d) = 25*d**2 + 3*d - 8. Let j(y) = 4*p(y) - t(y). Let n = 8 + -14. Calculate j(n).
-14
Let h(y) = -y**2 + 12*y + 37. Suppose 5*a - 90 = -3*d, 4*a = -2*d - 14 + 84. What is h(a)?
-8
Let f(s)